= -5*x + x - 4*d, -4*x + d = 80. Calculate the remainder when m(x) is divided by 41.
37
Suppose -z + 9*z - 1616 = 0. Suppose -s = p - 42 - 26, p = -3*s + z. Suppose -238 = -9*i - s. Calculate the remainder when i is divided by 12.
7
Let r = 422 + -408. Suppose 1560 - 174 = r*p. What is the remainder when p is divided by 17?
14
Calculate the remainder when 1678 is divided by (8/(-2 - 0))/((-20)/80).
14
Let s = 1594 - 1482. Calculate the remainder when 1482 is divided by s.
26
Let u = 1153 + -605. Calculate the remainder when u is divided by (111/148)/(1/12).
8
Let d(h) = -h**3 + h**2 + 29*h + 27. What is the remainder when d(-5) is divided by 2?
0
Suppose 0 = t - 5*o - 6 + 14, 5*t - 3*o + 40 = 0. Let v be t/36 + 6514/(-9). What is the remainder when ((-3)/6)/(2/v) is divided by 46?
43
Let k = 8723 + -8705. Let d = -3 - -6. Suppose 184 = 5*u - u + 4*g, -4*u + d*g = -219. What is the remainder when u is divided by k?
15
Suppose 2*q + d = 61, 19*q = 22*q + 2*d - 89. Let x(s) = -4*s**3 - 8*s**2 - 8*s + 4. Calculate the remainder when x(-4) is divided by q.
32
Let x(k) = -5*k + 17. Let n(w) = 2*w - 17 - 14*w**2 + 16 + 0*w**3 + 2*w**2 + w**3. What is the remainder when x(-5) is divided by n(12)?
19
Suppose 65 + 37 = 6*y. Let c(d) = 13 + d**2 + 135 + y - d. Calculate the remainder when c(0) is divided by 28.
25
Let m = 12 + 15. Let o be 16/(-12)*-3 + 133. Let k = -129 + o. Calculate the remainder when m is divided by k.
3
Let f = -1245 + 1247. Suppose 0 = 4*p - 2*w - 126, p - 47 = 5*w - f. What is the remainder when ((-106)/3)/(2/(-6)) is divided by p?
16
Let n(z) = -z**3 - z**2 + 61. Suppose 10*m = -38*m - 42864. Let i = 925 + m. What is the remainder when n(0) is divided by i?
29
Suppose -32*q + 68 - 17 = -77. Calculate the remainder when 268 is divided by q.
0
Suppose a = 69*l - 64*l - 188, -4*l = -2*a - 142. Calculate the remainder when 1694 is divided by l.
17
Let n = -53 - -80. Calculate the remainder when ((136/3)/(-4))/((-26)/117) is divided by n.
24
Let x(d) = 33*d**2 - 3*d - 3. Let o(u) = -20 - 2*u + 17 + 9. What is the remainder when x(-1) is divided by o(-6)?
15
Let b(m) be the second derivative of -4*m**3/3 + 23*m**2/2 - 2*m. What is the remainder when b(-16) is divided by 51?
49
Let q be (-14)/(-4) + -6*(-6)/(-72). Suppose 6*n + q*n - 135 = 0. What is the remainder when 119 is divided by n?
14
Let t be -3*10/(-105)*14. Suppose -t*s + 3 = l, -3*l + 3 + 6 = -2*s. Suppose 3*v - 48 = -l*v. What is the remainder when 22 is divided by v?
6
Let d(b) = 2*b**3 - 3*b**2 + b - 2. Let r be d(2). Suppose 5*i = -2*k + 234, -9*k + r*k = -2*i + 111. What is the remainder when 142 is divided by i?
46
Suppose -6*f + 3*s + 147 = 0, -96 = 4*f - 4*s - 192. What is the remainder when 445 is divided by f?
20
Suppose 3*k - 886 = 4*d, -355*k = -357*k - 3*d + 619. What is the remainder when k is divided by 124?
54
Suppose -17*d + 3*d - 2366 = 0. Let y = d + 180. Calculate the remainder when 39 is divided by y.
6
Suppose -21*f - 10371 + 11064 = 0. Calculate the remainder when 1060 is divided by f.
4
Suppose 12*d - 5217 - 11967 = 0. Calculate the remainder when d is divided by 112.
88
Let c = 6797 + -6744. Calculate the remainder when 66 is divided by c.
13
Let n = -3741 - -2671. Let x be 2/(-12) - n/12. Let a = x - 62. Calculate the remainder when a is divided by 11.
5
Let c be (5/(-3) + 1)*(-16 + 1). Suppose 24*y - 370 = -c. Calculate the remainder when 55 is divided by y.
10
Let j(l) = l**2 - 5*l - 12. Let z be j(7). Let t be 18*(-2)/z*(-76)/(-114). Calculate the remainder when 178/6 + t/18 is divided by 6.
5
Let w(u) be the second derivative of -9*u**3/2 + 29*u**2 + u - 37. What is the remainder when w(-3) is divided by 36?
31
Suppose -179*n + 79464 = 283*n. Calculate the remainder when n is divided by 58.
56
Calculate the remainder when (-263491250)/(-11550) - -1*(-2)/21 is divided by 248.
245
Let c(s) = s**2 + 8*s - 140. Let a be c(9). Suppose -2*r - 15*i + a = -20*i, 2*r = -i + 43. Calculate the remainder when 699 is divided by r.
15
Suppose 7 = 2*a - 3*m, 12 = 3*a - 2*m - 1. Suppose 4*k + 59 = 3*i, -2*i - a*k + 51 = -10*k. What is the remainder when 155 is divided by i?
12
Calculate the remainder when -191*(2 - (-15)/2*42/(-63)) is divided by 96.
93
Let l = 912 + -496. Suppose -8*x - l = -16*x. Let q = -1 - -15. Calculate the remainder when x is divided by q.
10
Calculate the remainder when 572 is divided by -8 + (-8)/((-168)/(-35))*-93.
131
Let b(o) = 42*o**2 - 6*o - 6. Suppose -5*a - 25 = 0, 24 - 5 = 3*t - 2*a. Suppose 8*d - 115 = t*d. What is the remainder when b(-1) is divided by d?
19
Let h(q) = 4*q - 40. Let t(i) = i. Let u(d) = -h(d) + 5*t(d). Let x be u(9). Let b = -32 + x. Calculate the remainder when 66 is divided by b.
15
Let c(t) = 5*t**2 + 6*t - 1. Let d be (22 - 26)*(-2)/4. Suppose -2*r + 2*w = 2, -d*w - 1 = 3. Calculate the remainder when 74 is divided by c(r).
22
Let t(i) = 2*i - 7. Let w be t(3). Suppose 205 = 3*g + 4*h, -h = 2*g + h - 134. What is the remainder when -2 + (-3)/w + 376 is divided by g?
62
Let i = 98 - 48. Suppose 3*v - 38 - i = -2*y, 3*v - 4*y = 112. Suppose 2*x - 37 = -3*l + 244, -5*x = 5*l - 470. Calculate the remainder when l is divided by v.
29
Let g = -186 + 200. Suppose 4*i - 110 = 26. What is the remainder when 24/7*-22*g/(-8) is divided by i?
30
Suppose 385*h - 1201767 = 1229406 - 252073. Calculate the remainder when h is divided by 1882.
14
Let w(v) = 37*v**3 + 3*v**2 - 2*v. Let y(h) = -31*h - 544. What is the remainder when y(-21) is divided by w(1)?
31
Suppose 5*c - 2*q = -256, 0*q = -c + 4*q - 44. What is the remainder when (3 + -1)/((c/(-504))/13) is divided by 51?
48
Let y be (2 - 8)*-6*(-4)/(-18). Let b be -5 + y + 2 + -2. Suppose 0 = -5*o - 2*z + 29, b*z + z = -3*o + 9. Calculate the remainder when 18 is divided by o.
4
Let l be (-4)/38 + 697/(-779). Calculate the remainder when 2/(l + -5) - 21/(-9) is divided by 1.
0
Let w(v) = -196*v. What is the remainder when w(-1) is divided by (21/(-2))/7 - (7 - 234/4)?
46
Suppose -3*t = -6874 - 7250. Calculate the remainder when t is divided by 38.
34
Suppose -12*q - 15 = -29 - 22. Let f(j) = 7*j - 42. Let s(a) = 1. Let n(b) = -f(b) - 14*s(b). Calculate the remainder when 10 is divided by n(q).
3
Let u(z) = -3*z**2 + 13*z + 46. Let p be u(15). Let t = p + 831. What is the remainder when t is divided by 16?
13
Let s(b) = -27*b + 802. Calculate the remainder when s(-38) is divided by 906.
16
Suppose 4*v - 1 + 17 = 0. Let s(k) = 2*k**2 + 7*k + 16. What is the remainder when 317 is divided by s(v)?
17
Let z = 67 - 88. Let h = z - 31. Let y = h + 141. What is the remainder when y is divided by 30?
29
Suppose 4*l = -3*v - 1, -v - v - 3*l = 2. Suppose 3 = k + 2*k, 4*k - 4 = x. Suppose x = -4*n + 5*n - 12. What is the remainder when n is divided by v?
2
Suppose 2*k = 11*k - 6*k. Let s be (13/(-2) + k)*-12. Let d = s - 18. What is the remainder when d is divided by 33?
27
Let f(i) = 5*i + 10. Suppose 2*n - 17*j = -13*j + 28, 0 = -2*n + 2*j + 38. Calculate the remainder when f(16) is divided by n.
18
Let z = 18 - 3. Let m = 47 - z. Suppose -77*i + 79*i = 36. What is the remainder when m is divided by i?
14
Let g(o) = -o**2 - 38*o - 25. Let j be g(-25). What is the remainder when 446 is divided by (-1 + 4)*j/(-108)*-3?
21
Let d be 600/(-9)*(-2 + 4/(-10)). Suppose -d + 80 = -4*h. What is the remainder when 116 is divided by h?
16
Suppose 8*x - 102 = 114. Suppose 1584 = 4*w - w. Suppose -2*n = -6*n + w. What is the remainder when n is divided by x?
24
Suppose 2*g - 5*p - 900 = 0, -1758 = -4*g + 45*p - 42*p. What is the remainder when g is divided by 140?
15
Let s = 30138 - 29837. What is the remainder when s is divided by -2*3/(-6)*61?
57
Let o(p) = p**3 - 5*p**2 - 50*p + 24. Let w be o(10). Suppose -128 = w*i - 704. What is the remainder when 138 is divided by i?
18
Suppose -93*k + 7084 - 1318 = 0. Let s = -11 + 43. What is the remainder when k is divided by s?
30
Suppose -3*p + 3*z + 5331 = 0, -9*p - 23*z + 28*z + 15997 = 0. What is the remainder when p is divided by 30?
8
Let p(d) = -2*d**2 + 12*d + 37. Let c be p(8). Suppose 4*a - 175 = -5*m, 3*a - a - c*m - 95 = 0. What is the remainder when 134 is divided by a?
44
Let y be (280/48 + -2)*6. Suppose -16 = -m + y. What is t